 greatest common divisor of d and a.
14
Suppose -18*m + 0*m - 6*m + 144 = 0. What is the greatest common factor of 399 and m?
3
Suppose 3*o = -40 + 49. Suppose 2*q = -2*h, 20 = -o*q - q. Suppose -3*i + 8 = -2*l, -l - 10 = -h*i + 2*i. Calculate the highest common factor of i and 44.
4
Let u(n) = -2*n**3 - 21*n**2 + 8*n - 29. Let j be u(-11). Suppose -j*o + 7*l - 9*l + 704 = 0, 0 = 5*l. What is the greatest common divisor of o and 8?
8
Suppose 0 = 5*h + 5*q - 4145, -1838 = -2*h - 5*q - 171. What is the highest common factor of h and 70?
14
Let o be 52/208 + 22710/8. Calculate the greatest common divisor of 136 and o.
17
Let b(a) = -a**3 + 2*a**2 + 69*a + 24. Let y be b(-9). What is the highest common divisor of 114 and y?
6
Let u(f) = -7*f + 5. Let z be u(-7). Suppose 10 = -3*r - 4*n + 42, -25 = -5*n. Suppose r*i + 499 = 547. What is the greatest common factor of z and i?
6
Suppose -154 = -3*d + 2*y, 10*y = d + 12*y - 54. What is the greatest common divisor of 1248 and d?
52
Suppose -s + 5*s = 144. Let l be (-7)/(-14)*16*(-15)/(-3). Suppose 0 = -2*o + 4*m + 24, l = -17*o + 21*o - 4*m. What is the greatest common factor of o and s?
4
Let i(v) = v**3 - 6*v**2 - 12*v + 39. Let m(q) = -26*q + 267. Let n be m(10). Let r be i(n). Calculate the greatest common factor of r and 64.
4
Let r be 2/4 + 4312/16. Suppose -103*g + 107*g - 84 = -2*s, -5*g + 180 = 5*s. What is the greatest common factor of r and s?
30
Suppose -448 = -4*i - 76. Suppose -12392 - 3679 = -33*w. Suppose 2*v + 363 = w. What is the highest common divisor of v and i?
31
Suppose 2*l - 6*l = -3*k - 4717, 2*k + 3*l = -3156. Let b be (-466050)/k + 2/21. What is the highest common divisor of b and 8?
8
Let c be 8/(2*(-2)/(-8)). Let t = -683 - -1067. Suppose 0 = 27*o - 15*o - t. Calculate the highest common factor of c and o.
16
Let j = 270 - -170. Let h be j/3 + 6/(-9). Let d = -106 + h. Calculate the greatest common factor of 32 and d.
8
Let x = 40640 + -38913. What is the highest common factor of x and 264?
11
Let u be 210/12 - (-840)/(-112). Suppose -4*b + 2*w + 806 = 0, 3*w = -b + 5*b - 809. Calculate the greatest common factor of u and b.
10
Let c = 130 + -126. Let g(k) = -8 - 5*k + c + 2. Let m be g(-4). What is the highest common divisor of 144 and m?
18
Let d = 472 - 332. Let h(q) = -998*q - 13. Let u be h(1). Let m = u - -1051. Calculate the greatest common factor of d and m.
20
Suppose -22*u - 32*u = -7020. What is the highest common divisor of 240 and u?
10
Suppose -15941 = -199*x + 21171 - 3680. Calculate the greatest common factor of x and 6804.
84
Suppose 15*d - 12*d = 276. Let i = d - 180. Let c = i - -89. What is the highest common divisor of 1 and c?
1
Suppose -3605 = -80*z + 6155. What is the highest common factor of 7442 and z?
122
Let j be 4/(-2) + -1 - (-127 - 11). Let z(y) = y**3 + 18*y - 54. Let f be z(3). Calculate the highest common divisor of j and f.
27
Let p = 14979 + -14968. Suppose -r + 1 = -3, -s + 4*r + 83 = 0. What is the highest common factor of p and s?
11
Let o = -4276 + 4284. What is the highest common divisor of 262 and o?
2
Let l be (-12)/(-9)*-2*-51. Let p be (l/(-3))/(2/(-6)). Suppose y - 3*c = 5*y - 59, -4*c = 3*y - 39. What is the greatest common divisor of p and y?
17
Suppose 4309*m - 4308*m - 5 = 0. Let z = -6 - -12. Suppose -v = -2*u - 3*v + z, 0 = u + 5*v + m. What is the highest common factor of 45 and u?
5
Suppose 66*z - 68*z = 4*i - 158, 0 = -i - 3*z + 52. What is the highest common factor of 259 and i?
37
Let y = 492 + -481. Suppose y*i - 314 = -83. What is the greatest common divisor of i and 189?
21
Let z = -270 + 275. Suppose -z*k + 7 = -3*a + 6, -2*a + 6 = -2*k. Calculate the greatest common factor of 28 and a.
4
Suppose -5*n + 5*s + 10303 = -68257, 3*s + 15720 = n. What is the highest common divisor of 408 and n?
204
Let s(x) = x**2 + 118*x - 3891. Let v be s(-145). What is the highest common divisor of 2064 and v?
24
Suppose 1079 = -3*p + 4*r, r - 5*r = -p - 365. Let z = 163 - p. What is the highest common divisor of z and 40?
40
Suppose -6*d + 9*d - 18 = 0. Let u be (-11)/(d/(-120)*4). Calculate the highest common factor of 440 and u.
55
Let k = -26 - -88. Suppose 18*t - k = 10. Suppose 5*s + 5 = t*s + 4*l, 5*l - 10 = 0. Calculate the highest common divisor of s and 3.
3
Suppose 3*z - 2*u = -32, 21 - 4 = -2*z - 3*u. Let l = z + 15. Suppose -5*k + 318 = 4*c, 20 = -3*k + l*c + 233. What is the highest common factor of 6 and k?
6
Let z(a) = 2*a**3 + 14*a**2 - 72*a - 1. Let f be z(4). Calculate the highest common factor of f and 651.
21
Let b be ((3744/224)/3)/(15/70*1). Suppose -a + 5*a - 572 = 0. Calculate the greatest common divisor of b and a.
13
Let n(c) = -297*c + 3426. Let i be n(-14). What is the greatest common factor of 64 and i?
32
Let p = -1312 + 2042. Calculate the greatest common divisor of 2774 and p.
146
Let n be 430/8 - ((-36)/(-16))/(-9). Calculate the greatest common divisor of n and 4239.
27
Suppose -1459 = 6*w - 553. Let x = 353 + w. Suppose 173 = 5*r - x. What is the greatest common factor of r and 30?
15
Let u(f) = 18*f**2 + 23*f - 94. Let m be u(-8). What is the highest common factor of m and 46?
46
Suppose -9*a + 710 = -14*a + 11215. What is the highest common divisor of 11 and a?
11
Let d be 79/4 - (-57)/(-76). Let v(y) = y**3 + 9*y**2 - y - 10. Let o be v(-7). What is the greatest common divisor of d and o?
19
Let b be 249/(-6)*2 - -1. Suppose 1996 = 20*p - 4584. Let a = p + b. Calculate the highest common factor of 19 and a.
19
Suppose 12870 = 2*p + 5*s, -1535*p + 1531*p = 2*s - 25788. What is the highest common divisor of 344 and p?
86
Let h = 4098 + -3877. What is the greatest common divisor of h and 153?
17
Let k be (-306 - (9 - 6))/(12/(-148)). Calculate the greatest common divisor of 37 and k.
37
Let h be 180/9*(-3421)/(-220). What is the greatest common divisor of h and 18971?
311
Let i(p) = 44*p + 777. Let f be i(9). Calculate the highest common divisor of 6 and f.
3
Let w(m) be the third derivative of m**6/120 - 7*m**5/20 - 7*m**4/8 + 8*m**3 - 39*m**2. Let o be w(22). Calculate the highest common factor of o and 35.
35
Suppose 597 = 3*v - 3*k, 4*v + k - 535 = 226. What is the highest common divisor of v and 2944?
64
Let j = 91 - 46. Let f = -233 + 242. What is the highest common divisor of f and j?
9
Suppose -41*x = -17095 + 4180. Calculate the greatest common factor of x and 240.
15
Suppose -49*y + 11947 = 96*y - 5308. What is the highest common divisor of y and 340?
17
Suppose -305*a = -313*a + 224. Calculate the highest common factor of 40 and a.
4
Suppose -50*o - 816 = -186*o. Let l(v) = 5*v**3 - v + 2. Let d be l(2). Suppose -3*z = d - 166. What is the greatest common divisor of o and z?
6
Suppose 0 = -i + 3. Suppose -i*d - d + 5*s + 263 = 0, -s = -d + 67. Suppose -9*a = 7*a - 128. Calculate the highest common factor of a and d.
8
Let v(r) = -14*r - 2. Let o be v(-1). Let g be (-54)/o*-4*14/4. Calculate the greatest common divisor of g and 35.
7
Suppose 24 + 326 = 7*a. Let b(t) = 9*t**2 - 16*t + 2. Let i be b(8). Calculate the highest common divisor of a and i.
50
Suppose -160*v + 834070 = 179030. What is the greatest common divisor of 712 and v?
178
Suppose -7*r + 18*r = 0. Let o be (65 + -1 + r)*1. What is the greatest common divisor of 80 and o?
16
Let r(b) = b**3 - 11*b**2 - 34*b - 49. Let z be r(14). What is the greatest common factor of 203 and z?
7
Let t = -12 + 22. Let c(d) = -d + 11. Let w be c(t). Suppose -h + 15*x = 16*x - 14, 50 = 3*h + 4*x. Calculate the greatest common factor of w and h.
1
Suppose 12*y = -70*y + 28*y + 1728. Calculate the highest common divisor of y and 8336.
16
Let u(o) = o**2 - 35 + 21*o - 16*o + 0*o**2. Let m be u(-12). Suppose 4*t - m = 3*q, t + 5*q = 3*t - 35. What is the highest common divisor of 5 and t?
5
Let s = 5460 - 5238. What is the highest common factor of 9435 and s?
111
Let a be ((-5145)/14)/(-21)*(-24)/(-7). Calculate the highest common divisor of 54 and a.
6
Suppose -3*h - 2*t + 88 = 0, -2*h + 83 = h + t. Let y be 102 + (-6)/(-12)*10. Suppose -2*z = -y - 75. What is the highest common divisor of h and z?
13
Let h(u) = -u**3 + 6*u**2 + 36*u + 119. Let n be h(-3). What is the greatest common factor of n and 207?
23
Suppose -109620 = -9*p - 194*p. C